git of a?
9
Let g(l) = -5*l**2 + 5*l + 2. Let p be g(4). Let v be 54*3 - 11/(-22)*16. Let s = p + v. What is the units digit of s?
2
Suppose 2*r - 6267 = -2*i + 19923, 12 = -4*i. What is the hundreds digit of r?
0
Suppose -3*a + 3*z + 27 = 0, 2*a + z = -1 + 4. What is the hundreds digit of (-1136)/(-6 + 2)*(a - 3)?
2
Let q = -4923 + 8218. What is the thousands digit of q?
3
Let g(c) = -c. Let m be (-154)/6 - (-22)/33. What is the tens digit of g(m)?
2
Suppose -7*f + 7 = -0. Let z be (-14)/(-3)*(19 + -5 + f). Suppose -4*r + z + 217 = 3*a, -r + 4*a = -67. What is the units digit of r?
1
Let m be (-2127)/12 - (-3)/12. Let v be -4*((-15)/12 + 2). What is the tens digit of (v/1)/(9/m)?
5
Let x = -46 + -254. Let h = x - -541. What is the tens digit of h?
4
Let f = 40777 - 22822. What is the thousands digit of f?
7
Let p = 14185 + -7920. What is the tens digit of p?
6
Suppose 17*y - 4614 = 16109. Let l = y + -700. What is the hundreds digit of l?
5
Let p(f) = 475*f**2 + 170*f - 855. What is the thousands digit of p(5)?
1
Let c = 441 + 108. Suppose -38*o + 41*o - c = 0. What is the hundreds digit of o?
1
Let l = 69 - 60. Let w be -5 + (l/(-3) - -2). What is the units digit of -2 + 38/4 - (-3)/w?
7
Suppose 6956 = 4*h - 6*k - 14966, 3*h - k = 16459. What is the tens digit of h?
8
What is the tens digit of -1 - -3780 - (230 + -246)?
9
Suppose 2*z + 2265 = 3*z - 4*f, 2*f = -4*z + 9042. Suppose 0 = r + 4*y - 961, 3*y - z - 1531 = -4*r. What is the units digit of r?
5
Suppose 1702*r + 5873 = 1715*r - 29747. What is the units digit of r?
0
Suppose 0*c + 59995 - 6421 = 6*c. What is the thousands digit of c?
8
Suppose 15*y + 1244 = 4*r + 17*y, -3*r + 4*y = -955. Let z = r - 253. What is the units digit of z?
0
Let x(k) = -17 - k + 42 + 46. What is the tens digit of x(19)?
5
Let w = -7745 + 19431. Suppose 0 = -17*b + 6606 + w. What is the tens digit of b?
7
Suppose 14*s = -21*s. Suppose 5*v - 11*w - 2236 = -7*w, -4*w + 4 = s. What is the units digit of v?
8
Suppose 0*s = -3*b - s + 12, 4*b - 4*s - 32 = 0. Suppose -3*t - 3715 = -4*x, 3*t + 2*t = -b*x + 4670. What is the hundreds digit of x?
9
Let p = 3051 + -119. What is the thousands digit of p?
2
Let p(r) = -r**3 - 17*r**2 - 41*r - 111. What is the thousands digit of p(-32)?
6
Let j = -112 + 96. Let b be -12 - j - (0 + 9). What is the hundreds digit of (-16)/40 + (-12)/b + 103?
1
Let m be 4/14 + 8564/14. Let h be (-24)/9*(2 + 43/(-2)). Suppose 14*b - m = -h. What is the tens digit of b?
4
Let t(n) = n**2 - n - 10. Let l be t(4). Suppose -l*v + 12 = -0. Suppose -z - z + 429 = -5*f, -2*f = -v. What is the units digit of z?
2
Suppose 73*d - 280570 = 28*d + 154445. What is the thousands digit of d?
9
Let z = 41 - 41. Suppose 614 = 3*m - h - z*h, -2*h - 820 = -4*m. What is the units digit of m?
4
Let r = -10342 - -48517. What is the thousands digit of r?
8
Suppose -4*m + 664 - 68 = 4*t, 4*t + 5*m = 601. Suppose t*q + 1040 = 149*q. What is the units digit of q?
8
Let a(b) = b**2 - 8*b + 16. Let v be a(2). What is the hundreds digit of v + (2582/3 - (-2)/(-3))?
8
Let y = 55045 + -16602. What is the tens digit of y?
4
Let o(n) be the first derivative of n**4/4 + 4*n**3/3 - 21*n**2/2 + 10*n - 23. Let c be o(-7). Suppose -774 = -c*u + 246. What is the units digit of u?
2
Let a = 875 - 870. Suppose -75*k + 72*k + 815 = a*l, 3*l + 2*k = 489. What is the tens digit of l?
6
Let o(v) = -v**2 + 12*v - 12. Let b be o(8). Suppose -5*y - 329 = 36. Let z = b - y. What is the tens digit of z?
9
Let f(a) = -7*a + 78. Let t be f(10). What is the thousands digit of 2008/(t*2/8)?
1
Let t = 212 - 215. Let i(u) = -139*u - 5. What is the tens digit of i(t)?
1
Suppose 21*s - 153 = 288. What is the tens digit of -15*(s/(-27))/(4/24)?
7
Suppose -12 = 3*d + r, 4*d - 2*r + 3*r = -15. Let k(q) = 2*q**2 + 3*q - 4. Let j be k(d). Suppose 4*f - j*f = -88. What is the units digit of f?
8
Suppose 7*l + 2*l + 9*l - 52326 = 0. What is the tens digit of l?
0
Let z = 19768 + -13506. What is the thousands digit of z?
6
Let t be 0/4 + (3 - 1)*-2. Let l(w) = w**3 - 5*w**2 + 3*w + 19. Let n(g) = g**3 - 2*g**2 + 2*g + 9. Let d(v) = 4*l(v) - 7*n(v). What is the tens digit of d(t)?
1
Suppose -16*r - 4*d = -18*r + 20592, 3*r - 30890 = 5*d. What is the thousands digit of r?
0
Let o = -81 - -152. Let l = -71 + o. Suppose -2*t + 3*n - 2*n + 381 = l, 2*t - 3*n = 387. What is the hundreds digit of t?
1
Suppose -4*t + p = 7, 23*t - 9 = 20*t - 4*p. What is the units digit of (-5493)/(-18) - t - (-35)/(-210)?
6
Let f(o) = 582*o + 5134. What is the units digit of f(55)?
4
What is the units digit of (-3)/((-72)/(-17958))*-4?
3
Let v(t) = -t**3 - 10*t**2 + 92*t - 60. What is the units digit of v(-17)?
9
What is the tens digit of 12/30 + 6/10 + 10214?
1
Let i(z) = -27*z + 17. Let b be i(-11). Let r = 498 - b. Suppose 3*x - r = -25. What is the units digit of x?
3
Let i(j) = 4*j - 37. Let k be i(0). Let g = k - -38. What is the units digit of (g*(-3)/(-2))/(36/240)?
0
Suppose -q = -7*f + 2*f + 29889, -4*q = 5*f - 29894. What is the tens digit of f?
7
Suppose 7*k + 7*k - 79002 = 0. What is the units digit of k?
3
Let z = 29 + 140. Let b(l) = -3*l**3 + l**2 + 4*l + 3. Let s be b(-3). Let i = z - s. What is the units digit of i?
8
Let n = 75384 + -41236. What is the hundreds digit of n?
1
Suppose 0 = -2*q + 5*c + 21874, 44*q - 3*c = 49*q - 54592. What is the units digit of q?
2
Let b = 9 - 2. Let s = b - 7. Suppose -3*h + s*k = -2*k - 320, 2*k = 2*h - 216. What is the units digit of h?
4
Suppose 199 = 2*j - 4*r + 61, 5*r + 340 = 5*j. What is the tens digit of j?
6
Suppose -17536 - 52888 = -18*c + 38404. What is the tens digit of c?
4
Let p(w) = 6*w - 121. Let s be p(21). Suppose 334 = s*n - 1051. What is the tens digit of n?
7
Let y = 26 + 17. Let z = y - 21. Suppose 3*p = 5*v + z - 6, 3*p - 4*v = 14. What is the units digit of p?
2
Let c(m) = -5*m**3 + 5*m**2 + 2*m - 6. Let x be c(6). Let r = 1690 + x. What is the units digit of r?
6
Let g(q) be the third derivative of q**4/6 + 7*q**3/6 + q**2. Let r be g(-2). What is the tens digit of (r*3)/(3/(-81))?
8
Let i = 2143 - 1521. Let r = i + -245. What is the hundreds digit of r?
3
Let m(d) = 2*d**2 + 7*d + 3*d - 15*d - 17. Let j = 123 + -117. What is the units digit of m(j)?
5
Let h be 0 + 6 + 28/(-7). Suppose 0 = k - z, -3*k + 8*k = -h*z + 14. Suppose k*g = 7*g - 80. What is the units digit of g?
6
Suppose 57*k - 3726344 = -91*k. What is the tens digit of k?
7
Let k(m) = -m**3 + 10*m**2 + 9*m + 3. Let z be k(11). Let c = z + 22. Suppose -c*b = 15, -5*a - 7*b + 3*b + 320 = 0. What is the tens digit of a?
6
Suppose 9*m + 5*l - 19421 = 5*m, 4850 = m - 4*l. What is the units digit of m?
4
Suppose -6*u + 1 - 1 = 0. Suppose 17*n - 13*n + 5*k - 783 = u, 2*n - 398 = 4*k. What is the tens digit of n?
9
Let r(n) = n**2 + 5*n - 20. Let q be r(-8). Suppose 5*c = -0*a - q*a + 342, 5*a = c - 51. Suppose -230 = -2*h + c. What is the hundreds digit of h?
1
Let p = 52185 + 24533. What is the ten thousands digit of p?
7
Suppose -2*v = -15 + 7, -v = -3*h + 11651. What is the hundreds digit of h?
8
Let v = -140479 - -200837. What is the thousands digit of v?
0
Let d be (2 + -5 + 1)*(-36)/(-24). Let b be d + (3/(-4))/(4/(-16)). Suppose -11*n - 328 + 823 = b. What is the units digit of n?
5
Let f(m) = m**3 + 5*m**2 + 6*m + 1. Let s be f(-4). What is the hundreds digit of 9/3*274 - s?
8
Let r(x) = -4*x**3 + 2 - 78*x - 2*x**3 + 34*x + 34*x - 8*x**2. What is the tens digit of r(-6)?
7
Let c(r) = r**3 + 14*r**2 + 10*r + 84. What is the tens digit of c(-11)?
3
Let t be 4/(-3)*((-296)/(-16) + -11). What is the units digit of -1 - (-9 - t)/(2/(-998))?
8
Let q = -43 + 41. What is the hundreds digit of q/10 + ((-4924)/10)/(-2)?
2
Let q(p) = -94*p**2 + 3*p - 4. Let v be q(1). What is the hundreds digit of 973/((v/(-15) - 6)*3)?
9
Let w(z) = -z + 9. Let d be w(7). Let u be 30/(-6)*868/(-20). Suppose s = 3*v + d*s - u, 0 = -v + 4*s + 94. What is the tens digit of v?
7
Suppose 0 = 77*r - 395549 - 361900. What is the hundreds digit of r?
8
Suppose k = -4, n + 0*k = -2*k - 2472. Let c = 3952 + n. What is the hundreds digit of c?
4
What is the hundreds digit of 63357/9 - (6/18 + 32/24)?
0
Let d(s) = -3*s + 3. Suppose -3*f = -19 + 22. Let w be d(f). Suppose -j 